*2 - 1/3*i**3. Determine q(-1).
1
Let y(u) = -2*u**2 - 7*u - 2. Let h(t) = 1. Let v(r) = r + 12. Let m(o) = 5*h(o) - v(o). Let d be m(-12). Let i be 2/((-12)/d - -2). Calculate y(i).
-17
Let c(s) be the first derivative of s**4/4 - 4*s**3/3 - s**2/2 + 9*s + 108. What is c(4)?
5
Let l(j) = 2*j + 5. Suppose 4*i = 2*d, 40*i = 36*i + 3*d. Determine l(i).
5
Suppose 0 = 3*y - 9 + 3. Let h(a) = 4*a**2 - 4*a**y + a**2. Let g = 43 - 42. What is h(g)?
1
Let a(v) = -v - 4. Let b(d) = -d**3 + 5*d**2 + 7*d - 6. Let l be b(6). Let x be 1/(-2)*0 + l. Determine a(x).
-4
Suppose -14*s = -32*s + 72. Let g(a) = -a**2 - 2. Determine g(s).
-18
Suppose 0 = 2*s - 5*l + 8, -11*s - 3*l - 42 = -7*s. Let u(d) = 3*d + 24. What is u(s)?
-3
Let n(y) = 5*y - 6. Suppose 2*d + 4 = 0, i + 5*d = 6*i - 35. Calculate n(i).
19
Let m be 10/85 - (-132)/34. Suppose -33 = -m*d + 15*d. Let j(k) = -5*k + 3. Let g(u) = -6*u + 3. Let t(x) = -2*g(x) + 3*j(x). What is t(d)?
12
Let y(s) be the third derivative of -s**6/120 + s**5/15 - s**4/12 - s**3/2 - 3*s**2. Suppose -2 - 43 = -15*r. Determine y(r).
0
Suppose -n = 4*n - 35. Let r be (0 - (0 + -9 + 0)) + -4. Suppose 32 = r*p + n. Let i(c) = -c - 5. Calculate i(p).
-10
Let v(d) be the second derivative of d**6/120 - 7*d**5/60 - d**4/12 + d**3/3 + 21*d**2/2 - 8*d. Let h(z) be the first derivative of v(z). Determine h(7).
-12
Let n(s) be the second derivative of s**5/20 - s**4/3 - s**3/2 - 7*s**2/2 - 56*s. What is n(5)?
3
Let x(p) = p**2. Let b(r) = 30*r**2. Let a(d) = d**2 + 3*d - 5. Let q be a(-4). Suppose 0 = z - 5*z + 160. Let s(g) = q*b(g) + z*x(g). Give s(-1).
10
Let v(n) = -35 + 70 + 2*n - n**2 - 41. What is v(4)?
-14
Let l(a) = 3*a**2 - 5*a + 2. Let b(g) = 4*g**2 - 9*g + 2*g + 4*g + 1 - 2*g**2. Let r(h) = -10*b(h) + 6*l(h). Calculate r(2).
-6
Let f = -49 - -71. Let h = 16 - f. Let w(m) = 5*m + 9. Let g(k) = -6*k - 11. Let i(p) = 2*g(p) + 3*w(p). Determine i(h).
-13
Let f(h) = 22*h + 62. Let q(b) = 10*b + 30. Let z(c) = 6*f(c) - 13*q(c). Give z(12).
6
Let p(q) = 2*q - 8 - 5*q + 3*q**2 + 5 + 0*q. Let l(u) = -3*u - 12. Let i be l(-5). Determine p(i).
15
Let s(x) = 9*x**3 + 2*x**2 - x**2 + 3*x**2 + 11 - 8*x**3 + x**2 - 3*x. Determine s(-6).
-7
Let u(q) be the third derivative of q**4/24 + q**3/2 - 76*q**2. Give u(0).
3
Let w(f) be the second derivative of -f**4/12 - f**3/6 - 6*f**2 - 10*f. Suppose -4*k + 3*k = 0. What is w(k)?
-12
Let q(a) = -a**3 - 5*a**2 - 7*a - 4. Suppose 232*t = 230*t - 8. Give q(t).
8
Let w(t) = -t**2 + 8*t - 6. Let z(i) = -i**2 + 2*i + 7. Let r = -30 - -35. Let s be z(r). Let a be 12/3 + s/(-4). Give w(a).
6
Let t(b) be the third derivative of -b**5/60 + b**4/3 + 11*b**3/6 + 40*b**2. Determine t(9).
2
Let t(i) = 3*i + 8. Suppose a + 3*a + 16 = 0. Let r be t(a). Let l(y) = -y**3 - 4*y**2 - 3*y - 5. Determine l(r).
7
Let u = -62 - -61. Let n be 528/72 - (u - (-4)/3). Let q(t) be the second derivative of t**5/20 - 2*t**4/3 + 4*t**3/3 - 5*t**2 + 3*t. What is q(n)?
-3
Let r(u) be the third derivative of u**6/120 + u**5/12 + u**4/12 - u**3 - 223*u**2. Calculate r(-5).
-16
Let v = -157 - -88. Let q be 18/(-30) - v/15. Let x(p) = -3*p + 5*p + q*p**2 - p + 0*p. Determine x(1).
5
Let p be (-2)/(-8) + (-42)/8. Let u(k) be the second derivative of k**3/3 + 2*k**2 - 3843*k. What is u(p)?
-6
Suppose 2*w = 6*w - 28. Let b(f) = -3*f**3 - 2*f**2 + 3*f + 4. Let j be b(0). Let z(s) = w + j*s**2 - 14 - 5*s**2 - 10*s + 4*s. Determine z(-6).
-7
Let k(w) = -w + 22. Let d(x) = -x + 8. Let m(z) = -8*d(z) + 3*k(z). What is m(2)?
12
Let m = 4 + -2. Let h(j) = -j - 2. Let i(y) = -11*y - 14. Let r(q) = -8*h(q) + i(q). What is r(m)?
-4
Let w(k) be the third derivative of -k**7/1680 - k**5/30 + k**2. Let c(o) be the third derivative of w(o). Let i be -54 + 52 - (-2)/((-4)/(-2)). Give c(i).
3
Suppose -3*n + 492 = 468. Let r(i) be the second derivative of -5/6*i**3 - n*i - 1/12*i**4 - i**2 + 0. Determine r(-3).
4
Let q(l) = -l**2 + 11*l + 10. Suppose -6*t + 2*t - 64 = -4*u, 4*t = -2*u + 8. Let f be q(u). Let o(y) = y**2 + y + 2. Give o(f).
4
Let n(c) = -c**3 - 5*c**2 + 14*c + 5. Let a be n(-7). Let h(u) = 0*u**2 + 11 + u**2 - a*u - 6 + 2. Give h(5).
7
Let c(q) = -3*q + 15. Let m be c(8). Let g(j) = j**2 + 15*j - 11. Calculate g(m).
-65
Let x(s) = s - 8. Suppose 5*z - 3*a + 10 = 80, -3*a - 37 = -2*z. Give x(z).
3
Let a(g) = 13*g + 15. Let p(y) = -15*y - 16. Let r(j) = 7*a(j) + 6*p(j). Calculate r(-5).
4
Let p(i) = -i**2 - 17*i - 57. Let q be p(-5). Let l(a) = -a**3 + 3*a**2 - a + 1. What is l(q)?
-2
Let u(c) = 4*c + 106. Let t(n) = -2*n - 57. Let w(p) = 7*t(p) + 4*u(p). What is w(-12)?
1
Let v = -42 - -43. Suppose -y - 3*a + v = 0, -a + 0*a - 21 = -5*y. Let z(q) = q**3 - 3*q**2 - 2*q - 5. Calculate z(y).
3
Let a(p) = 12*p**2 + p. Let h be 8/(-5)*25/(-10). Suppose h*z + 28 = 12. Let l be -2 + (4 - 5) - z. Determine a(l).
13
Let d = 18 - 9. Suppose 8*j + 11 = d*j. Let b(c) = c + j + 0 + 0. Give b(-5).
6
Let m = -18 + 37. Let x = 27 - m. Let i(u) = u**2 - 6*u - 8. What is i(x)?
8
Let h(z) = z**3 + 7*z**2 - z - 1. Let c be h(-7). Let n(g) = -7*g**3 - 2*g. Let v(j) = -15*j**3 - j**2 - 4*j. Let f(o) = -13*n(o) + 6*v(o). What is f(c)?
12
Let c(m) = 166 - 164 + 0*m + m. Suppose 29*i = 25*i - 12. Calculate c(i).
-1
Let n(j) = -j**3 - j**2 - 1. Let x = 8 + -6. Suppose -2*c = 5*l + 15 + 7, -2*c + 6 = -x*l. Give n(c).
-1
Let w(s) = -2*s**2 - 16*s - 3. Let d = 93 - 101. Determine w(d).
-3
Let x = 17 - 23. Let b(z) be the first derivative of -z**5/120 - z**4/24 - 4*z**3/3 + 4. Let n(l) be the third derivative of b(l). Determine n(x).
5
Let c(l) = -3*l**2 + 52*l - 16. Let s(g) = 3*g**2 - 46*g + 15. Let f(y) = 5*c(y) + 6*s(y). Determine f(4).
-6
Let c = -249 - -250. Let x(p) = 8*p**3 - p**2 + 2*p - 1. Determine x(c).
8
Let x(g) be the second derivative of -1/12*g**4 + 1/20*g**5 + 1/2*g**3 - 3/2*g**2 - 2*g + 0. Suppose o = 5*o + 3*c - 5, -o - 1 = 3*c. What is x(o)?
7
Let k(b) = 4*b - 3. Let j(m) = -m. Let s(z) = -4*z - 15. Let o(g) = -5*j(g) + s(g). Let a be o(17). Give k(a).
5
Let v(n) = n**3 + 4*n**2 + n - 1. Let h be 12/8*2/(-1) - -1. Let f be ((-20)/30)/(h/(-9)). What is v(f)?
5
Let x(g) = -5 - 3 + 498138*g - 498135*g + g**2. Calculate x(0).
-8
Suppose 2*k - a = -12, -3*k - 4*a + 0*a - 40 = 0. Let v(n) = -7*n - 31. Let r(d) = -11*d - 47. Let z(p) = -5*r(p) + 8*v(p). Give z(k).
-5
Suppose 6*q = 8*q + 3*t + 7, -3*q - 4*t = 11. Let x(s) be the third derivative of 2*s**2 + 0*s - 1/3*s**3 - 1/24*s**4 + 0. Determine x(q).
3
Let d be 30/8 - 2/(-8). Let u(m) = 5 - 4 + 0*m + d*m. Suppose 42*k + 13 - 55 = 0. Calculate u(k).
5
Suppose 10*b - 17*b = -14. Let q(u) be the second derivative of -u**6/144 - u**5/60 - 5*u**4/12 + 5*u. Let h(s) be the third derivative of q(s). Give h(b).
-12
Let x(i) = 16*i**2 + i + 1. Let d(g) = 2*g**2 + 5*g + 1. Let l be d(-2). Give x(l).
16
Suppose -p = -6*p - 35. Let i be (-1)/1 + 2 + p. Let n(m) be the first derivative of -m**3/3 - 2*m**2 - 9*m + 31154. What is n(i)?
-21
Let u(r) = r**3 - 2*r**2 - r - 2. Let t(v) = -v**2 + 16*v - 2. Suppose 4*q - 2*a - 72 = 0, 0 = 3*q - a - 62 + 10. Let d be t(q). Give u(d).
-16
Let r(p) = 3*p**2 - 75*p - 8. Let i be r(25). Let f(s) = -s**3 - 7*s**2 + s + 1. What is f(i)?
57
Let x(v) be the second derivative of v**4/12 - v**3/3 + 3*v**2/2 - 3*v - 49. Give x(3).
6
Let v(q) = -2*q**2 + 20*q - 6. Let k be v(9). Suppose -7*t + k = -23. Let g(o) = o**3 - 4*o**2 - 5*o - 7. Calculate g(t).
-7
Let p(f) = -f**3 - 5*f**2 - 3*f + 1. Suppose 10*a - 5*a = 20. Let s be ((-12)/(-18))/(a/18). Let c be (-1)/(-3) + (-13)/s. Calculate p(c).
-3
Let u(f) be the first derivative of f**3/3 + f**2 - 5*f + 41. What is u(4)?
19
Let r(v) = -v**3 - 2*v**2 + 4*v - 4. Let m be r(-3). Let g(p) be the third derivative of p**5/60 + p**4/3 + p**3/2 - 2*p**2. What is g(m)?
-4
Let x(g) be the first derivative of g**3/3 + g**2 + 38*g + 425. Give x(0).
38
Let w(v) be the first derivative of -v**3/2 - v**2/2 - 13*v - 7. Let s(i) be the first derivative of w(i). What is s(-1)?
2
Let l be (-42)/4*18/(-27). Suppose 2*m + 3*w - 18 = 0, -11 = -2*m - 3*m + w. Let a(z) = -m*z - 7*z**2 + 9*z**3 + 3*z - 8*z**3 + z. Calculate a(l).
7
Let y(u) = 17*u**2 - 3*u - 46*u**2 + 2*u - 66 + 65. Let w be 2/(3 - 1) + -2. Determine y(w).
-29
Let y(o) be the first de